{"id":491,"date":"2025-08-27T15:33:59","date_gmt":"2025-08-27T15:33:59","guid":{"rendered":"https:\/\/piolaestudio.cl\/?page_id=491"},"modified":"2026-01-06T15:57:07","modified_gmt":"2026-01-06T15:57:07","slug":"elementor-491","status":"publish","type":"page","link":"https:\/\/piolaestudio.cl\/index.php\/elementor-491\/","title":{"rendered":"Viejo Fran"},"content":{"rendered":"\t\t<div data-elementor-type=\"wp-page\" data-elementor-id=\"491\" class=\"elementor elementor-491\">\n\t\t\t\t<div class=\"elementor-element elementor-element-37ee5a2 e-flex e-con-boxed e-con e-parent\" data-id=\"37ee5a2\" data-element_type=\"container\" data-settings=\"{&quot;background_background&quot;:&quot;classic&quot;}\">\n\t\t\t\t\t<div class=\"e-con-inner\">\n\t\t<div class=\"elementor-element elementor-element-4fd1e345 e-flex e-con-boxed e-con e-child\" data-id=\"4fd1e345\" data-element_type=\"container\">\n\t\t\t\t\t<div class=\"e-con-inner\">\n\t\t\t\t<div class=\"elementor-element elementor-element-11d0e03e elementor-widget elementor-widget-heading\" data-id=\"11d0e03e\" data-element_type=\"widget\" data-widget_type=\"heading.default\">\n\t\t\t\t\t<h2 class=\"elementor-heading-title elementor-size-default\">Viejo Fran Frutos Secos Premium<\/h2>\t\t\t\t<\/div>\n\t\t\t\t<div class=\"elementor-element elementor-element-398a0292 elementor-icon-list--layout-inline elementor-align-center elementor-list-item-link-full_width elementor-widget elementor-widget-icon-list\" data-id=\"398a0292\" data-element_type=\"widget\" data-widget_type=\"icon-list.default\">\n\t\t\t\t\t\t\t<ul class=\"elementor-icon-list-items elementor-inline-items\">\n\t\t\t\t\t\t\t<li class=\"elementor-icon-list-item elementor-inline-item\">\n\t\t\t\t\t\t\t\t\t\t\t<a href=\"#\">\n\n\t\t\t\t\t\t\t\t\t\t\t<span class=\"elementor-icon-list-text\">Home<\/span>\n\t\t\t\t\t\t\t\t\t\t\t<\/a>\n\t\t\t\t\t\t\t\t\t<\/li>\n\t\t\t\t\t\t\t\t<li class=\"elementor-icon-list-item elementor-inline-item\">\n\t\t\t\t\t\t\t\t\t\t\t<a href=\"#\">\n\n\t\t\t\t\t\t\t\t\t\t\t\t<span class=\"elementor-icon-list-icon\">\n\t\t\t\t\t\t\t<i aria-hidden=\"true\" class=\"jki jki-long-arrow-alt-right-solid\"><\/i>\t\t\t\t\t\t<\/span>\n\t\t\t\t\t\t\t\t\t\t<span class=\"elementor-icon-list-text\">Portafolio<\/span>\n\t\t\t\t\t\t\t\t\t\t\t<\/a>\n\t\t\t\t\t\t\t\t\t<\/li>\n\t\t\t\t\t\t\t\t<li class=\"elementor-icon-list-item elementor-inline-item\">\n\t\t\t\t\t\t\t\t\t\t\t<a href=\"#\">\n\n\t\t\t\t\t\t\t\t\t\t\t\t<span class=\"elementor-icon-list-icon\">\n\t\t\t\t\t\t\t<i aria-hidden=\"true\" class=\"jki jki-long-arrow-alt-right-solid\"><\/i>\t\t\t\t\t\t<\/span>\n\t\t\t\t\t\t\t\t\t\t<span class=\"elementor-icon-list-text\">Proyecto<\/span>\n\t\t\t\t\t\t\t\t\t\t\t<\/a>\n\t\t\t\t\t\t\t\t\t<\/li>\n\t\t\t\t\t\t<\/ul>\n\t\t\t\t\t\t<\/div>\n\t\t\t\t\t<\/div>\n\t\t\t\t<\/div>\n\t\t\t\t\t<\/div>\n\t\t\t\t<\/div>\n\t\t<div class=\"elementor-element elementor-element-71adf8f e-flex e-con-boxed e-con e-parent\" data-id=\"71adf8f\" data-element_type=\"container\">\n\t\t\t\t\t<div class=\"e-con-inner\">\n\t\t<div class=\"elementor-element elementor-element-77456f71 e-flex e-con-boxed e-con e-child\" data-id=\"77456f71\" data-element_type=\"container\">\n\t\t\t\t\t<div class=\"e-con-inner\">\n\t\t\t\t<div class=\"elementor-element elementor-element-15798b76 elementor-widget elementor-widget-heading\" data-id=\"15798b76\" data-element_type=\"widget\" data-widget_type=\"heading.default\">\n\t\t\t\t\t<h2 class=\"elementor-heading-title elementor-size-default\">Viejo Fran Frutos Secos Premium<\/h2>\t\t\t\t<\/div>\n\t\t\t\t<div class=\"elementor-element elementor-element-522cb843 elementor-widget elementor-widget-text-editor\" data-id=\"522cb843\" data-element_type=\"widget\" data-widget_type=\"text-editor.default\">\n\t\t\t\t\t\t\t\t\t<p>Creamos el dise\u00f1o del packaging para Viejo Fran Pistacho, una marca premium de frutos secos tostados, evocando elegancia y tradici\u00f3n con una paleta de negro y dorado que resalta su calidad superior. La ilustraci\u00f3n del fundador con sombrero a\u00f1ade un toque personal y nost\u00e1lgico, mientras que los patrones ondulados en tonos dorados sugieren un producto artesanal y sofisticado.<\/p><p>\u00a0Los detalles nutricionales y sellos de calidad, integrados con tipograf\u00edas limpias, garantizan una comunicaci\u00f3n clara y atractiva para un p\u00fablico que valora lo aut\u00e9ntico y saludable.<\/p>\t\t\t\t\t\t\t\t<\/div>\n\t\t<div class=\"elementor-element elementor-element-297a3b8a e-con-full e-flex e-con e-child\" data-id=\"297a3b8a\" data-element_type=\"container\">\n\t\t<div class=\"elementor-element elementor-element-4bc774d6 e-con-full e-flex e-con e-child\" data-id=\"4bc774d6\" data-element_type=\"container\">\n\t\t\t\t<div class=\"elementor-element elementor-element-25c993d2 elementor-widget elementor-widget-jkit_heading\" data-id=\"25c993d2\" data-element_type=\"widget\" data-widget_type=\"jkit_heading.default\">\n\t\t\t\t\t<div  class=\"jeg-elementor-kit jkit-heading  align- align-tablet- align-mobile- jeg_module___69fb38187f122\" ><div class=\"heading-section-title  display-inline-block\"><h2 class=\"heading-title\"><span class=\"style-color\"><span>Cliente :<\/span><\/span><\/h2><\/div><div class=\"heading-section-description\"><p><strong>Viejo Fran\u00a0<\/strong><\/p><\/div><\/div>\t\t\t\t<\/div>\n\t\t\t\t<div class=\"elementor-element elementor-element-1a646721 elementor-widget elementor-widget-jkit_heading\" data-id=\"1a646721\" data-element_type=\"widget\" data-widget_type=\"jkit_heading.default\">\n\t\t\t\t\t<div  class=\"jeg-elementor-kit jkit-heading  align- align-tablet- align-mobile- jeg_module__1_69fb38187f4e9\" ><div class=\"heading-section-title  display-inline-block\"><h2 class=\"heading-title\"><span class=\"style-color\"><span>A\u00f1o :<\/span><\/span><\/h2><\/div><div class=\"heading-section-description\"><p>2023<\/p><\/div><\/div>\t\t\t\t<\/div>\n\t\t\t\t<\/div>\n\t\t<div class=\"elementor-element elementor-element-61893170 e-con-full e-flex e-con e-child\" data-id=\"61893170\" data-element_type=\"container\">\n\t\t\t\t<div class=\"elementor-element elementor-element-78ce1ccd elementor-widget elementor-widget-jkit_heading\" data-id=\"78ce1ccd\" data-element_type=\"widget\" data-widget_type=\"jkit_heading.default\">\n\t\t\t\t\t<div  class=\"jeg-elementor-kit jkit-heading  align- align-tablet- align-mobile- jeg_module__2_69fb38187f74c\" ><div class=\"heading-section-title  display-inline-block\"><h2 class=\"heading-title\"><span class=\"style-color\"><span>Categor\u00eda :<\/span><\/span><\/h2><\/div><div class=\"heading-section-description\"><p>Branding &amp; packaging<\/p><\/div><\/div>\t\t\t\t<\/div>\n\t\t\t\t<\/div>\n\t\t\t\t<\/div>\n\t\t\t\t\t<\/div>\n\t\t\t\t<\/div>\n\t\t<div class=\"elementor-element elementor-element-419afa5e e-con-full e-flex e-con e-child\" data-id=\"419afa5e\" data-element_type=\"container\">\n\t\t\t\t<div class=\"elementor-element elementor-element-2cce5076 elementor-widget elementor-widget-image\" data-id=\"2cce5076\" data-element_type=\"widget\" data-widget_type=\"image.default\">\n\t\t\t\t\t\t\t\t\t\t\t\t\t\t\t<img fetchpriority=\"high\" decoding=\"async\" width=\"2560\" height=\"1707\" src=\"https:\/\/piolaestudio.cl\/wp-content\/uploads\/2025\/08\/VIEJOFRAN_MOCK-scaled.png\" class=\"attachment-full size-full wp-image-360\" alt=\"\" srcset=\"https:\/\/piolaestudio.cl\/wp-content\/uploads\/2025\/08\/VIEJOFRAN_MOCK-scaled.png 2560w, https:\/\/piolaestudio.cl\/wp-content\/uploads\/2025\/08\/VIEJOFRAN_MOCK-300x200.png 300w, https:\/\/piolaestudio.cl\/wp-content\/uploads\/2025\/08\/VIEJOFRAN_MOCK-1024x683.png 1024w, https:\/\/piolaestudio.cl\/wp-content\/uploads\/2025\/08\/VIEJOFRAN_MOCK-768x512.png 768w, https:\/\/piolaestudio.cl\/wp-content\/uploads\/2025\/08\/VIEJOFRAN_MOCK-1536x1024.png 1536w, https:\/\/piolaestudio.cl\/wp-content\/uploads\/2025\/08\/VIEJOFRAN_MOCK-2048x1365.png 2048w\" sizes=\"(max-width: 2560px) 100vw, 2560px\" \/>\t\t\t\t\t\t\t\t\t\t\t\t\t\t\t<\/div>\n\t\t\t\t<\/div>\n\t\t<div class=\"elementor-element elementor-element-3ff6d318 e-flex e-con-boxed e-con e-child\" data-id=\"3ff6d318\" data-element_type=\"container\">\n\t\t\t\t\t<div class=\"e-con-inner\">\n\t\t<div class=\"elementor-element elementor-element-75f72db9 e-con-full e-flex e-con e-child\" data-id=\"75f72db9\" data-element_type=\"container\">\n\t\t\t\t<div class=\"elementor-element elementor-element-65bf73ed elementor-widget elementor-widget-jkit_gallery\" data-id=\"65bf73ed\" data-element_type=\"widget\" data-widget_type=\"jkit_gallery.default\">\n\t\t\t\t\t<div  class=\"jeg-elementor-kit jkit-gallery layout-overlay jeg_module__3_69fb38188142b\"  data-grid=\"grid\" data-id=\"jeg_module__3_69fb38188142b\" data-per-page=\"3\" data-load-more=\"0\" data-current-loaded=\"2\" data-count-items=\"2\" data-animation-duration=\"500\" data-no-more=\"No More Item\" data-items=\"[&quot;&lt;div class=\\&quot;gallery-item-wrap \\&quot;&gt; &lt;div class=\\&quot;grid-item\\&quot;&gt;&lt;div class=\\&quot;thumbnail-wrap\\&quot;&gt;&lt;img width=\\&quot;2560\\&quot; height=\\&quot;1707\\&quot; src=\\&quot;https:\\\/\\\/piolaestudio.cl\\\/wp-content\\\/uploads\\\/2026\\\/01\\\/viejo_fran_logo-scaled.jpg\\&quot; class=\\&quot;attachment-full size-full\\&quot; alt=\\&quot;\\&quot; url=\\&quot;https:\\\/\\\/piolaestudio.cl\\\/wp-content\\\/uploads\\\/2026\\\/01\\\/viejo_fran_logo-scaled.jpg\\&quot; source=\\&quot;library\\&quot; srcset=\\&quot;https:\\\/\\\/piolaestudio.cl\\\/wp-content\\\/uploads\\\/2026\\\/01\\\/viejo_fran_logo-scaled.jpg 2560w, https:\\\/\\\/piolaestudio.cl\\\/wp-content\\\/uploads\\\/2026\\\/01\\\/viejo_fran_logo-300x200.jpg 300w, https:\\\/\\\/piolaestudio.cl\\\/wp-content\\\/uploads\\\/2026\\\/01\\\/viejo_fran_logo-1024x683.jpg 1024w, https:\\\/\\\/piolaestudio.cl\\\/wp-content\\\/uploads\\\/2026\\\/01\\\/viejo_fran_logo-768x512.jpg 768w, https:\\\/\\\/piolaestudio.cl\\\/wp-content\\\/uploads\\\/2026\\\/01\\\/viejo_fran_logo-1536x1024.jpg 1536w, https:\\\/\\\/piolaestudio.cl\\\/wp-content\\\/uploads\\\/2026\\\/01\\\/viejo_fran_logo-2048x1365.jpg 2048w\\&quot; sizes=\\&quot;(max-width: 2560px) 100vw, 2560px\\&quot; \\\/&gt;&lt;\\\/div&gt;&lt;div class=\\&quot;caption-wrap style-overlay overlay-overlay\\&quot;&gt; &lt;div class=\\&quot;item-hover-bg\\&quot;&gt;&lt;\\\/div&gt; &lt;div class=\\&quot;item-caption-over\\&quot;&gt; &lt;h5 class=\\&quot;item-title\\&quot;&gt;&lt;\\\/h5&gt; &lt;div class=\\&quot;item-content\\&quot;&gt;&lt;\\\/div&gt;&lt;div class=\\&quot;item-buttons\\&quot;&gt;&lt;\\\/div&gt; &lt;\\\/div&gt; &lt;div class=\\&quot;caption-head\\&quot;&gt;&lt;\\\/div&gt; &lt;div class=\\&quot;caption-category\\&quot;&gt;&lt;\\\/div&gt; &lt;\\\/div&gt;&lt;\\\/div&gt; &lt;\\\/div&gt;&quot;,&quot;&lt;div class=\\&quot;gallery-item-wrap \\&quot;&gt; &lt;div class=\\&quot;grid-item\\&quot;&gt;&lt;div class=\\&quot;thumbnail-wrap\\&quot;&gt;&lt;img width=\\&quot;1264\\&quot; height=\\&quot;848\\&quot; src=\\&quot;https:\\\/\\\/piolaestudio.cl\\\/wp-content\\\/uploads\\\/2026\\\/01\\\/viejofran_pistacho.png\\&quot; class=\\&quot;attachment-full size-full\\&quot; alt=\\&quot;\\&quot; url=\\&quot;https:\\\/\\\/piolaestudio.cl\\\/wp-content\\\/uploads\\\/2026\\\/01\\\/viejofran_pistacho.png\\&quot; source=\\&quot;library\\&quot; srcset=\\&quot;https:\\\/\\\/piolaestudio.cl\\\/wp-content\\\/uploads\\\/2026\\\/01\\\/viejofran_pistacho.png 1264w, https:\\\/\\\/piolaestudio.cl\\\/wp-content\\\/uploads\\\/2026\\\/01\\\/viejofran_pistacho-300x201.png 300w, https:\\\/\\\/piolaestudio.cl\\\/wp-content\\\/uploads\\\/2026\\\/01\\\/viejofran_pistacho-1024x687.png 1024w, https:\\\/\\\/piolaestudio.cl\\\/wp-content\\\/uploads\\\/2026\\\/01\\\/viejofran_pistacho-768x515.png 768w\\&quot; sizes=\\&quot;(max-width: 1264px) 100vw, 1264px\\&quot; \\\/&gt;&lt;\\\/div&gt;&lt;div class=\\&quot;caption-wrap style-overlay overlay-overlay\\&quot;&gt; &lt;div class=\\&quot;item-hover-bg\\&quot;&gt;&lt;\\\/div&gt; &lt;div class=\\&quot;item-caption-over\\&quot;&gt; &lt;h5 class=\\&quot;item-title\\&quot;&gt;&lt;\\\/h5&gt; &lt;div class=\\&quot;item-content\\&quot;&gt;&lt;\\\/div&gt;&lt;div class=\\&quot;item-buttons\\&quot;&gt;&lt;\\\/div&gt; &lt;\\\/div&gt; &lt;div class=\\&quot;caption-head\\&quot;&gt;&lt;\\\/div&gt; &lt;div class=\\&quot;caption-category\\&quot;&gt;&lt;\\\/div&gt; &lt;\\\/div&gt;&lt;\\\/div&gt; &lt;\\\/div&gt;&quot;]\">\n            <div class=\"gallery-items\"><div class=\"gallery-item-wrap \"> <div class=\"grid-item\"><div class=\"thumbnail-wrap\"><img decoding=\"async\" width=\"2560\" height=\"1707\" src=\"https:\/\/piolaestudio.cl\/wp-content\/uploads\/2026\/01\/viejo_fran_logo-scaled.jpg\" class=\"attachment-full size-full\" alt=\"\" url=\"https:\/\/piolaestudio.cl\/wp-content\/uploads\/2026\/01\/viejo_fran_logo-scaled.jpg\" source=\"library\" srcset=\"https:\/\/piolaestudio.cl\/wp-content\/uploads\/2026\/01\/viejo_fran_logo-scaled.jpg 2560w, https:\/\/piolaestudio.cl\/wp-content\/uploads\/2026\/01\/viejo_fran_logo-300x200.jpg 300w, https:\/\/piolaestudio.cl\/wp-content\/uploads\/2026\/01\/viejo_fran_logo-1024x683.jpg 1024w, https:\/\/piolaestudio.cl\/wp-content\/uploads\/2026\/01\/viejo_fran_logo-768x512.jpg 768w, https:\/\/piolaestudio.cl\/wp-content\/uploads\/2026\/01\/viejo_fran_logo-1536x1024.jpg 1536w, https:\/\/piolaestudio.cl\/wp-content\/uploads\/2026\/01\/viejo_fran_logo-2048x1365.jpg 2048w\" sizes=\"(max-width: 2560px) 100vw, 2560px\" \/><\/div><div class=\"caption-wrap style-overlay overlay-overlay\"> <div class=\"item-hover-bg\"><\/div> <div class=\"item-caption-over\"> <h5 class=\"item-title\"><\/h5> <div class=\"item-content\"><\/div><div class=\"item-buttons\"><\/div> <\/div> <div class=\"caption-head\"><\/div> <div class=\"caption-category\"><\/div> <\/div><\/div> <\/div><div class=\"gallery-item-wrap \"> <div class=\"grid-item\"><div class=\"thumbnail-wrap\"><img decoding=\"async\" width=\"1264\" height=\"848\" src=\"https:\/\/piolaestudio.cl\/wp-content\/uploads\/2026\/01\/viejofran_pistacho.png\" class=\"attachment-full size-full\" alt=\"\" url=\"https:\/\/piolaestudio.cl\/wp-content\/uploads\/2026\/01\/viejofran_pistacho.png\" source=\"library\" srcset=\"https:\/\/piolaestudio.cl\/wp-content\/uploads\/2026\/01\/viejofran_pistacho.png 1264w, https:\/\/piolaestudio.cl\/wp-content\/uploads\/2026\/01\/viejofran_pistacho-300x201.png 300w, https:\/\/piolaestudio.cl\/wp-content\/uploads\/2026\/01\/viejofran_pistacho-1024x687.png 1024w, https:\/\/piolaestudio.cl\/wp-content\/uploads\/2026\/01\/viejofran_pistacho-768x515.png 768w\" sizes=\"(max-width: 1264px) 100vw, 1264px\" \/><\/div><div class=\"caption-wrap style-overlay overlay-overlay\"> <div class=\"item-hover-bg\"><\/div> <div class=\"item-caption-over\"> <h5 class=\"item-title\"><\/h5> <div class=\"item-content\"><\/div><div class=\"item-buttons\"><\/div> <\/div> <div class=\"caption-head\"><\/div> <div class=\"caption-category\"><\/div> <\/div><\/div> <\/div><\/div>\n            <div class=\"load-more-items\"><\/div><\/div>\t\t\t\t<\/div>\n\t\t\t\t<\/div>\n\t\t\t\t\t<\/div>\n\t\t\t\t<\/div>\n\t\t\t\t\t<\/div>\n\t\t\t\t<\/div>\n\t\t\t\t<\/div>\n\t\t","protected":false},"excerpt":{"rendered":"<p>Viejo Fran Frutos Secos Premium Home Portafolio Proyecto Viejo Fran Frutos Secos Premium Creamos el dise\u00f1o del packaging para Viejo Fran Pistacho, una marca premium de frutos secos tostados, evocando elegancia y tradici\u00f3n con una paleta de negro y dorado que resalta su calidad superior. La ilustraci\u00f3n del fundador con sombrero a\u00f1ade un toque personal [&hellip;]<\/p>\n","protected":false},"author":1,"featured_media":0,"parent":0,"menu_order":0,"comment_status":"closed","ping_status":"closed","template":"elementor_header_footer","meta":{"footnotes":""},"class_list":["post-491","page","type-page","status-publish","hentry"],"_links":{"self":[{"href":"https:\/\/piolaestudio.cl\/index.php\/wp-json\/wp\/v2\/pages\/491","targetHints":{"allow":["GET"]}}],"collection":[{"href":"https:\/\/piolaestudio.cl\/index.php\/wp-json\/wp\/v2\/pages"}],"about":[{"href":"https:\/\/piolaestudio.cl\/index.php\/wp-json\/wp\/v2\/types\/page"}],"author":[{"embeddable":true,"href":"https:\/\/piolaestudio.cl\/index.php\/wp-json\/wp\/v2\/users\/1"}],"replies":[{"embeddable":true,"href":"https:\/\/piolaestudio.cl\/index.php\/wp-json\/wp\/v2\/comments?post=491"}],"version-history":[{"count":14,"href":"https:\/\/piolaestudio.cl\/index.php\/wp-json\/wp\/v2\/pages\/491\/revisions"}],"predecessor-version":[{"id":669,"href":"https:\/\/piolaestudio.cl\/index.php\/wp-json\/wp\/v2\/pages\/491\/revisions\/669"}],"wp:attachment":[{"href":"https:\/\/piolaestudio.cl\/index.php\/wp-json\/wp\/v2\/media?parent=491"}],"curies":[{"name":"wp","href":"https:\/\/api.w.org\/{rel}","templated":true}]}}