{"id":497,"date":"2025-08-27T16:59:36","date_gmt":"2025-08-27T16:59:36","guid":{"rendered":"https:\/\/piolaestudio.cl\/?page_id=497"},"modified":"2026-01-06T16:35:06","modified_gmt":"2026-01-06T16:35:06","slug":"laespanola","status":"publish","type":"page","link":"https:\/\/piolaestudio.cl\/index.php\/laespanola\/","title":{"rendered":"laespanola"},"content":{"rendered":"\t\t<div data-elementor-type=\"wp-page\" data-elementor-id=\"497\" class=\"elementor elementor-497\">\n\t\t\t\t<div class=\"elementor-element elementor-element-4c13dd6f e-flex e-con-boxed e-con e-parent\" data-id=\"4c13dd6f\" data-element_type=\"container\" data-settings=\"{&quot;background_background&quot;:&quot;classic&quot;}\">\n\t\t\t\t\t<div class=\"e-con-inner\">\n\t\t<div class=\"elementor-element elementor-element-5776f8ce e-flex e-con-boxed e-con e-child\" data-id=\"5776f8ce\" data-element_type=\"container\">\n\t\t\t\t\t<div class=\"e-con-inner\">\n\t\t\t\t<div class=\"elementor-element elementor-element-6eb2d6aa elementor-widget elementor-widget-heading\" data-id=\"6eb2d6aa\" data-element_type=\"widget\" data-widget_type=\"heading.default\">\n\t\t\t\t\t<h2 class=\"elementor-heading-title elementor-size-default\">La Espa\u00f1ola<\/h2>\t\t\t\t<\/div>\n\t\t\t\t<div class=\"elementor-element elementor-element-2b999d57 elementor-icon-list--layout-inline elementor-align-center elementor-list-item-link-full_width elementor-widget elementor-widget-icon-list\" data-id=\"2b999d57\" data-element_type=\"widget\" data-widget_type=\"icon-list.default\">\n\t\t\t\t\t\t\t<ul class=\"elementor-icon-list-items elementor-inline-items\">\n\t\t\t\t\t\t\t<li class=\"elementor-icon-list-item elementor-inline-item\">\n\t\t\t\t\t\t\t\t\t\t\t<a href=\"#\">\n\n\t\t\t\t\t\t\t\t\t\t\t<span class=\"elementor-icon-list-text\">Home<\/span>\n\t\t\t\t\t\t\t\t\t\t\t<\/a>\n\t\t\t\t\t\t\t\t\t<\/li>\n\t\t\t\t\t\t\t\t<li class=\"elementor-icon-list-item elementor-inline-item\">\n\t\t\t\t\t\t\t\t\t\t\t<a href=\"#\">\n\n\t\t\t\t\t\t\t\t\t\t\t\t<span class=\"elementor-icon-list-icon\">\n\t\t\t\t\t\t\t<i aria-hidden=\"true\" class=\"jki jki-long-arrow-alt-right-solid\"><\/i>\t\t\t\t\t\t<\/span>\n\t\t\t\t\t\t\t\t\t\t<span class=\"elementor-icon-list-text\">Portafolio<\/span>\n\t\t\t\t\t\t\t\t\t\t\t<\/a>\n\t\t\t\t\t\t\t\t\t<\/li>\n\t\t\t\t\t\t\t\t<li class=\"elementor-icon-list-item elementor-inline-item\">\n\t\t\t\t\t\t\t\t\t\t\t<a href=\"#\">\n\n\t\t\t\t\t\t\t\t\t\t\t\t<span class=\"elementor-icon-list-icon\">\n\t\t\t\t\t\t\t<i aria-hidden=\"true\" class=\"jki jki-long-arrow-alt-right-solid\"><\/i>\t\t\t\t\t\t<\/span>\n\t\t\t\t\t\t\t\t\t\t<span class=\"elementor-icon-list-text\">Proyecto<\/span>\n\t\t\t\t\t\t\t\t\t\t\t<\/a>\n\t\t\t\t\t\t\t\t\t<\/li>\n\t\t\t\t\t\t<\/ul>\n\t\t\t\t\t\t<\/div>\n\t\t\t\t\t<\/div>\n\t\t\t\t<\/div>\n\t\t\t\t\t<\/div>\n\t\t\t\t<\/div>\n\t\t<div class=\"elementor-element elementor-element-507757f0 e-flex e-con-boxed e-con e-parent\" data-id=\"507757f0\" data-element_type=\"container\">\n\t\t\t\t\t<div class=\"e-con-inner\">\n\t\t<div class=\"elementor-element elementor-element-8b5e886 e-flex e-con-boxed e-con e-child\" data-id=\"8b5e886\" data-element_type=\"container\">\n\t\t\t\t\t<div class=\"e-con-inner\">\n\t\t\t\t<div class=\"elementor-element elementor-element-1447cf2 elementor-widget elementor-widget-heading\" data-id=\"1447cf2\" data-element_type=\"widget\" data-widget_type=\"heading.default\">\n\t\t\t\t\t<h2 class=\"elementor-heading-title elementor-size-default\">Cliente: Pasteler\u00eda La Espa\u00f1ola<\/h2>\t\t\t\t<\/div>\n\t\t\t\t<div class=\"elementor-element elementor-element-292bf537 elementor-widget elementor-widget-text-editor\" data-id=\"292bf537\" data-element_type=\"widget\" data-widget_type=\"text-editor.default\">\n\t\t\t\t\t\t\t\t\t<p>Desarrollamos la identidad visual y el packaging para <span class=\"s4\">La Espa\u00f1ola<\/span>, una pasteler\u00eda tradicional que buscaba proyectar elegancia y autenticidad en cada detalle. La propuesta gr\u00e1fica resalta la herencia artesanal de la marca a trav\u00e9s de un logotipo tipogr\u00e1fico limpio y distintivo, transmitiendo confianza y sofisticaci\u00f3n.<\/p><p>El sistema de empaques \u2014desde las bolsas kraft hasta las cajas para pasteles\u2014 fue dise\u00f1ado para equilibrar lo cl\u00e1sico con lo contempor\u00e1neo. El uso de colores c\u00e1lidos y el rojo institucional refuerzan la cercan\u00eda y la pasi\u00f3n por la reposter\u00eda, mientras que la simplicidad en la composici\u00f3n visual permite que el producto siempre sea el protagonista.<\/p><p>El resultado: un dise\u00f1o funcional, elegante y coherente con la tradici\u00f3n de la marca, que potencia la experiencia del cliente desde el primer contacto con el envase.<\/p>\t\t\t\t\t\t\t\t<\/div>\n\t\t<div class=\"elementor-element elementor-element-b249493 e-con-full e-flex e-con e-child\" data-id=\"b249493\" data-element_type=\"container\">\n\t\t<div class=\"elementor-element elementor-element-6a62f4f8 e-con-full e-flex e-con e-child\" data-id=\"6a62f4f8\" data-element_type=\"container\">\n\t\t\t\t<div class=\"elementor-element elementor-element-3fd75e8a elementor-widget elementor-widget-jkit_heading\" data-id=\"3fd75e8a\" data-element_type=\"widget\" data-widget_type=\"jkit_heading.default\">\n\t\t\t\t\t<div  class=\"jeg-elementor-kit jkit-heading  align- align-tablet- align-mobile- jeg_module___6a031e362fd88\" ><div class=\"heading-section-title  display-inline-block\"><h2 class=\"heading-title\"><span class=\"style-color\"><span>Cliente :<\/span><\/span><\/h2><\/div><div class=\"heading-section-description\"><p>Pasteler\u00eda La Espa\u00f1ola<\/p><\/div><\/div>\t\t\t\t<\/div>\n\t\t\t\t<div class=\"elementor-element elementor-element-502084c3 elementor-widget elementor-widget-jkit_heading\" data-id=\"502084c3\" data-element_type=\"widget\" data-widget_type=\"jkit_heading.default\">\n\t\t\t\t\t<div  class=\"jeg-elementor-kit jkit-heading  align- align-tablet- align-mobile- jeg_module__1_6a031e36306e0\" ><div class=\"heading-section-title  display-inline-block\"><h2 class=\"heading-title\"><span class=\"style-color\"><span>A\u00f1o :<\/span><\/span><\/h2><\/div><div class=\"heading-section-description\"><p>2022<\/p><\/div><\/div>\t\t\t\t<\/div>\n\t\t\t\t<\/div>\n\t\t<div class=\"elementor-element elementor-element-2df054b0 e-con-full e-flex e-con e-child\" data-id=\"2df054b0\" data-element_type=\"container\">\n\t\t\t\t<div class=\"elementor-element elementor-element-6b23ecb2 elementor-widget elementor-widget-jkit_heading\" data-id=\"6b23ecb2\" data-element_type=\"widget\" data-widget_type=\"jkit_heading.default\">\n\t\t\t\t\t<div  class=\"jeg-elementor-kit jkit-heading  align- align-tablet- align-mobile- jeg_module__2_6a031e3630940\" ><div class=\"heading-section-title  display-inline-block\"><h2 class=\"heading-title\"><span class=\"style-color\"><span>Categor\u00eda :<\/span><\/span><\/h2><\/div><div class=\"heading-section-description\">Branding <\/div><\/div>\t\t\t\t<\/div>\n\t\t\t\t<\/div>\n\t\t\t\t<\/div>\n\t\t\t\t\t<\/div>\n\t\t\t\t<\/div>\n\t\t<div class=\"elementor-element elementor-element-2fc124ee e-con-full e-flex e-con e-child\" data-id=\"2fc124ee\" data-element_type=\"container\">\n\t\t\t\t<div class=\"elementor-element elementor-element-5d491ee8 elementor-widget elementor-widget-image\" data-id=\"5d491ee8\" data-element_type=\"widget\" data-widget_type=\"image.default\">\n\t\t\t\t\t\t\t\t\t\t\t\t\t\t\t<img fetchpriority=\"high\" decoding=\"async\" width=\"2560\" height=\"1707\" src=\"https:\/\/piolaestudio.cl\/wp-content\/uploads\/2025\/08\/La-espanola_box_2-scaled.png\" class=\"attachment-full size-full wp-image-295\" alt=\"\" srcset=\"https:\/\/piolaestudio.cl\/wp-content\/uploads\/2025\/08\/La-espanola_box_2-scaled.png 2560w, https:\/\/piolaestudio.cl\/wp-content\/uploads\/2025\/08\/La-espanola_box_2-300x200.png 300w, https:\/\/piolaestudio.cl\/wp-content\/uploads\/2025\/08\/La-espanola_box_2-1024x683.png 1024w, https:\/\/piolaestudio.cl\/wp-content\/uploads\/2025\/08\/La-espanola_box_2-768x512.png 768w, https:\/\/piolaestudio.cl\/wp-content\/uploads\/2025\/08\/La-espanola_box_2-1536x1024.png 1536w, https:\/\/piolaestudio.cl\/wp-content\/uploads\/2025\/08\/La-espanola_box_2-2048x1365.png 2048w\" sizes=\"(max-width: 2560px) 100vw, 2560px\" \/>\t\t\t\t\t\t\t\t\t\t\t\t\t\t\t<\/div>\n\t\t\t\t<\/div>\n\t\t<div class=\"elementor-element elementor-element-2dd2938 e-flex e-con-boxed e-con e-child\" data-id=\"2dd2938\" data-element_type=\"container\">\n\t\t\t\t\t<div class=\"e-con-inner\">\n\t\t<div class=\"elementor-element elementor-element-62702192 e-con-full e-flex e-con e-child\" data-id=\"62702192\" data-element_type=\"container\">\n\t\t\t\t<div class=\"elementor-element elementor-element-492c546f elementor-widget elementor-widget-jkit_gallery\" data-id=\"492c546f\" data-element_type=\"widget\" data-widget_type=\"jkit_gallery.default\">\n\t\t\t\t\t<div  class=\"jeg-elementor-kit jkit-gallery layout-overlay jeg_module__3_6a031e3632a46\"  data-grid=\"grid\" data-id=\"jeg_module__3_6a031e3632a46\" data-per-page=\"3\" data-load-more=\"0\" data-current-loaded=\"3\" data-count-items=\"3\" data-animation-duration=\"500\" data-no-more=\"No More Item\" data-items=\"[&quot;&lt;div class=\\&quot;gallery-item-wrap \\&quot;&gt; &lt;div class=\\&quot;grid-item\\&quot;&gt;&lt;div class=\\&quot;thumbnail-wrap\\&quot;&gt;&lt;img width=\\&quot;2560\\&quot; height=\\&quot;1920\\&quot; src=\\&quot;https:\\\/\\\/piolaestudio.cl\\\/wp-content\\\/uploads\\\/2025\\\/08\\\/La-espanola_box-scaled-1.png\\&quot; class=\\&quot;attachment-full size-full\\&quot; alt=\\&quot;\\&quot; url=\\&quot;https:\\\/\\\/piolaestudio.cl\\\/wp-content\\\/uploads\\\/2025\\\/08\\\/La-espanola_box-scaled-1.png\\&quot; source=\\&quot;library\\&quot; srcset=\\&quot;https:\\\/\\\/piolaestudio.cl\\\/wp-content\\\/uploads\\\/2025\\\/08\\\/La-espanola_box-scaled-1.png 2560w, https:\\\/\\\/piolaestudio.cl\\\/wp-content\\\/uploads\\\/2025\\\/08\\\/La-espanola_box-scaled-1-300x225.png 300w, https:\\\/\\\/piolaestudio.cl\\\/wp-content\\\/uploads\\\/2025\\\/08\\\/La-espanola_box-scaled-1-1024x768.png 1024w, https:\\\/\\\/piolaestudio.cl\\\/wp-content\\\/uploads\\\/2025\\\/08\\\/La-espanola_box-scaled-1-768x576.png 768w, https:\\\/\\\/piolaestudio.cl\\\/wp-content\\\/uploads\\\/2025\\\/08\\\/La-espanola_box-scaled-1-1536x1152.png 1536w, https:\\\/\\\/piolaestudio.cl\\\/wp-content\\\/uploads\\\/2025\\\/08\\\/La-espanola_box-scaled-1-2048x1536.png 2048w\\&quot; sizes=\\&quot;(max-width: 2560px) 100vw, 2560px\\&quot; \\\/&gt;&lt;\\\/div&gt;&lt;div class=\\&quot;caption-wrap style-overlay overlay-overlay\\&quot;&gt; &lt;div class=\\&quot;item-hover-bg\\&quot;&gt;&lt;\\\/div&gt; &lt;div class=\\&quot;item-caption-over\\&quot;&gt; &lt;h5 class=\\&quot;item-title\\&quot;&gt;&lt;\\\/h5&gt; &lt;div class=\\&quot;item-content\\&quot;&gt;&lt;\\\/div&gt;&lt;div class=\\&quot;item-buttons\\&quot;&gt;&lt;\\\/div&gt; &lt;\\\/div&gt; &lt;div class=\\&quot;caption-head\\&quot;&gt;&lt;\\\/div&gt; &lt;div class=\\&quot;caption-category\\&quot;&gt;&lt;\\\/div&gt; &lt;\\\/div&gt;&lt;\\\/div&gt; &lt;\\\/div&gt;&quot;,&quot;&lt;div class=\\&quot;gallery-item-wrap \\&quot;&gt; &lt;div class=\\&quot;grid-item\\&quot;&gt;&lt;div class=\\&quot;thumbnail-wrap\\&quot;&gt;&lt;img width=\\&quot;2560\\&quot; height=\\&quot;1902\\&quot; src=\\&quot;https:\\\/\\\/piolaestudio.cl\\\/wp-content\\\/uploads\\\/2025\\\/12\\\/laespanola_letrero-scaled.png\\&quot; class=\\&quot;attachment-full size-full\\&quot; alt=\\&quot;\\&quot; url=\\&quot;https:\\\/\\\/piolaestudio.cl\\\/wp-content\\\/uploads\\\/2025\\\/12\\\/laespanola_letrero-scaled.png\\&quot; source=\\&quot;library\\&quot; srcset=\\&quot;https:\\\/\\\/piolaestudio.cl\\\/wp-content\\\/uploads\\\/2025\\\/12\\\/laespanola_letrero-scaled.png 2560w, https:\\\/\\\/piolaestudio.cl\\\/wp-content\\\/uploads\\\/2025\\\/12\\\/laespanola_letrero-300x223.png 300w, https:\\\/\\\/piolaestudio.cl\\\/wp-content\\\/uploads\\\/2025\\\/12\\\/laespanola_letrero-1024x761.png 1024w, https:\\\/\\\/piolaestudio.cl\\\/wp-content\\\/uploads\\\/2025\\\/12\\\/laespanola_letrero-768x571.png 768w, https:\\\/\\\/piolaestudio.cl\\\/wp-content\\\/uploads\\\/2025\\\/12\\\/laespanola_letrero-1536x1141.png 1536w, https:\\\/\\\/piolaestudio.cl\\\/wp-content\\\/uploads\\\/2025\\\/12\\\/laespanola_letrero-2048x1521.png 2048w\\&quot; sizes=\\&quot;(max-width: 2560px) 100vw, 2560px\\&quot; \\\/&gt;&lt;\\\/div&gt;&lt;div class=\\&quot;caption-wrap style-overlay overlay-overlay\\&quot;&gt; &lt;div class=\\&quot;item-hover-bg\\&quot;&gt;&lt;\\\/div&gt; &lt;div class=\\&quot;item-caption-over\\&quot;&gt; &lt;h5 class=\\&quot;item-title\\&quot;&gt;&lt;\\\/h5&gt; &lt;div class=\\&quot;item-content\\&quot;&gt;&lt;\\\/div&gt;&lt;div class=\\&quot;item-buttons\\&quot;&gt;&lt;\\\/div&gt; &lt;\\\/div&gt; &lt;div class=\\&quot;caption-head\\&quot;&gt;&lt;\\\/div&gt; &lt;div class=\\&quot;caption-category\\&quot;&gt;&lt;\\\/div&gt; &lt;\\\/div&gt;&lt;\\\/div&gt; &lt;\\\/div&gt;&quot;,&quot;&lt;div class=\\&quot;gallery-item-wrap \\&quot;&gt; &lt;div class=\\&quot;grid-item\\&quot;&gt;&lt;div class=\\&quot;thumbnail-wrap\\&quot;&gt;&lt;img width=\\&quot;2560\\&quot; height=\\&quot;1920\\&quot; src=\\&quot;https:\\\/\\\/piolaestudio.cl\\\/wp-content\\\/uploads\\\/2025\\\/12\\\/02.-Cake-Box-Mockup-scaled.png\\&quot; class=\\&quot;attachment-full size-full\\&quot; alt=\\&quot;\\&quot; url=\\&quot;https:\\\/\\\/piolaestudio.cl\\\/wp-content\\\/uploads\\\/2025\\\/12\\\/02.-Cake-Box-Mockup-scaled.png\\&quot; source=\\&quot;library\\&quot; srcset=\\&quot;https:\\\/\\\/piolaestudio.cl\\\/wp-content\\\/uploads\\\/2025\\\/12\\\/02.-Cake-Box-Mockup-scaled.png 2560w, https:\\\/\\\/piolaestudio.cl\\\/wp-content\\\/uploads\\\/2025\\\/12\\\/02.-Cake-Box-Mockup-300x225.png 300w, https:\\\/\\\/piolaestudio.cl\\\/wp-content\\\/uploads\\\/2025\\\/12\\\/02.-Cake-Box-Mockup-1024x768.png 1024w, https:\\\/\\\/piolaestudio.cl\\\/wp-content\\\/uploads\\\/2025\\\/12\\\/02.-Cake-Box-Mockup-768x576.png 768w, https:\\\/\\\/piolaestudio.cl\\\/wp-content\\\/uploads\\\/2025\\\/12\\\/02.-Cake-Box-Mockup-1536x1152.png 1536w, https:\\\/\\\/piolaestudio.cl\\\/wp-content\\\/uploads\\\/2025\\\/12\\\/02.-Cake-Box-Mockup-2048x1536.png 2048w\\&quot; sizes=\\&quot;(max-width: 2560px) 100vw, 2560px\\&quot; \\\/&gt;&lt;\\\/div&gt;&lt;div class=\\&quot;caption-wrap style-overlay overlay-overlay\\&quot;&gt; &lt;div class=\\&quot;item-hover-bg\\&quot;&gt;&lt;\\\/div&gt; &lt;div class=\\&quot;item-caption-over\\&quot;&gt; &lt;h5 class=\\&quot;item-title\\&quot;&gt;&lt;\\\/h5&gt; &lt;div class=\\&quot;item-content\\&quot;&gt;&lt;\\\/div&gt;&lt;div class=\\&quot;item-buttons\\&quot;&gt;&lt;\\\/div&gt; &lt;\\\/div&gt; &lt;div class=\\&quot;caption-head\\&quot;&gt;&lt;\\\/div&gt; &lt;div class=\\&quot;caption-category\\&quot;&gt;&lt;\\\/div&gt; &lt;\\\/div&gt;&lt;\\\/div&gt; &lt;\\\/div&gt;&quot;]\">\n            <div class=\"gallery-items\"><div class=\"gallery-item-wrap \"> <div class=\"grid-item\"><div class=\"thumbnail-wrap\"><img decoding=\"async\" width=\"2560\" height=\"1920\" src=\"https:\/\/piolaestudio.cl\/wp-content\/uploads\/2025\/08\/La-espanola_box-scaled-1.png\" class=\"attachment-full size-full\" alt=\"\" url=\"https:\/\/piolaestudio.cl\/wp-content\/uploads\/2025\/08\/La-espanola_box-scaled-1.png\" source=\"library\" srcset=\"https:\/\/piolaestudio.cl\/wp-content\/uploads\/2025\/08\/La-espanola_box-scaled-1.png 2560w, https:\/\/piolaestudio.cl\/wp-content\/uploads\/2025\/08\/La-espanola_box-scaled-1-300x225.png 300w, https:\/\/piolaestudio.cl\/wp-content\/uploads\/2025\/08\/La-espanola_box-scaled-1-1024x768.png 1024w, https:\/\/piolaestudio.cl\/wp-content\/uploads\/2025\/08\/La-espanola_box-scaled-1-768x576.png 768w, https:\/\/piolaestudio.cl\/wp-content\/uploads\/2025\/08\/La-espanola_box-scaled-1-1536x1152.png 1536w, https:\/\/piolaestudio.cl\/wp-content\/uploads\/2025\/08\/La-espanola_box-scaled-1-2048x1536.png 2048w\" sizes=\"(max-width: 2560px) 100vw, 2560px\" \/><\/div><div class=\"caption-wrap style-overlay overlay-overlay\"> <div class=\"item-hover-bg\"><\/div> <div class=\"item-caption-over\"> <h5 class=\"item-title\"><\/h5> <div class=\"item-content\"><\/div><div class=\"item-buttons\"><\/div> <\/div> <div class=\"caption-head\"><\/div> <div class=\"caption-category\"><\/div> <\/div><\/div> <\/div><div class=\"gallery-item-wrap \"> <div class=\"grid-item\"><div class=\"thumbnail-wrap\"><img decoding=\"async\" width=\"2560\" height=\"1902\" src=\"https:\/\/piolaestudio.cl\/wp-content\/uploads\/2025\/12\/laespanola_letrero-scaled.png\" class=\"attachment-full size-full\" alt=\"\" url=\"https:\/\/piolaestudio.cl\/wp-content\/uploads\/2025\/12\/laespanola_letrero-scaled.png\" source=\"library\" srcset=\"https:\/\/piolaestudio.cl\/wp-content\/uploads\/2025\/12\/laespanola_letrero-scaled.png 2560w, https:\/\/piolaestudio.cl\/wp-content\/uploads\/2025\/12\/laespanola_letrero-300x223.png 300w, https:\/\/piolaestudio.cl\/wp-content\/uploads\/2025\/12\/laespanola_letrero-1024x761.png 1024w, https:\/\/piolaestudio.cl\/wp-content\/uploads\/2025\/12\/laespanola_letrero-768x571.png 768w, https:\/\/piolaestudio.cl\/wp-content\/uploads\/2025\/12\/laespanola_letrero-1536x1141.png 1536w, https:\/\/piolaestudio.cl\/wp-content\/uploads\/2025\/12\/laespanola_letrero-2048x1521.png 2048w\" sizes=\"(max-width: 2560px) 100vw, 2560px\" \/><\/div><div class=\"caption-wrap style-overlay overlay-overlay\"> <div class=\"item-hover-bg\"><\/div> <div class=\"item-caption-over\"> <h5 class=\"item-title\"><\/h5> <div class=\"item-content\"><\/div><div class=\"item-buttons\"><\/div> <\/div> <div class=\"caption-head\"><\/div> <div class=\"caption-category\"><\/div> <\/div><\/div> <\/div><div class=\"gallery-item-wrap \"> <div class=\"grid-item\"><div class=\"thumbnail-wrap\"><img loading=\"lazy\" decoding=\"async\" width=\"2560\" height=\"1920\" src=\"https:\/\/piolaestudio.cl\/wp-content\/uploads\/2025\/12\/02.-Cake-Box-Mockup-scaled.png\" class=\"attachment-full size-full\" alt=\"\" url=\"https:\/\/piolaestudio.cl\/wp-content\/uploads\/2025\/12\/02.-Cake-Box-Mockup-scaled.png\" source=\"library\" srcset=\"https:\/\/piolaestudio.cl\/wp-content\/uploads\/2025\/12\/02.-Cake-Box-Mockup-scaled.png 2560w, https:\/\/piolaestudio.cl\/wp-content\/uploads\/2025\/12\/02.-Cake-Box-Mockup-300x225.png 300w, https:\/\/piolaestudio.cl\/wp-content\/uploads\/2025\/12\/02.-Cake-Box-Mockup-1024x768.png 1024w, https:\/\/piolaestudio.cl\/wp-content\/uploads\/2025\/12\/02.-Cake-Box-Mockup-768x576.png 768w, https:\/\/piolaestudio.cl\/wp-content\/uploads\/2025\/12\/02.-Cake-Box-Mockup-1536x1152.png 1536w, https:\/\/piolaestudio.cl\/wp-content\/uploads\/2025\/12\/02.-Cake-Box-Mockup-2048x1536.png 2048w\" sizes=\"(max-width: 2560px) 100vw, 2560px\" \/><\/div><div class=\"caption-wrap style-overlay overlay-overlay\"> <div class=\"item-hover-bg\"><\/div> <div class=\"item-caption-over\"> <h5 class=\"item-title\"><\/h5> <div class=\"item-content\"><\/div><div class=\"item-buttons\"><\/div> <\/div> <div class=\"caption-head\"><\/div> <div class=\"caption-category\"><\/div> <\/div><\/div> <\/div><\/div>\n            <div class=\"load-more-items\"><\/div><\/div>\t\t\t\t<\/div>\n\t\t\t\t<\/div>\n\t\t\t\t\t<\/div>\n\t\t\t\t<\/div>\n\t\t\t\t\t<\/div>\n\t\t\t\t<\/div>\n\t\t\t\t<\/div>\n\t\t","protected":false},"excerpt":{"rendered":"<p>La Espa\u00f1ola Home Portafolio Proyecto Cliente: Pasteler\u00eda La Espa\u00f1ola Desarrollamos la identidad visual y el packaging para La Espa\u00f1ola, una pasteler\u00eda tradicional que buscaba proyectar elegancia y autenticidad en cada detalle. La propuesta gr\u00e1fica resalta la herencia artesanal de la marca a trav\u00e9s de un logotipo tipogr\u00e1fico limpio y distintivo, transmitiendo confianza y sofisticaci\u00f3n. El [&hellip;]<\/p>\n","protected":false},"author":1,"featured_media":0,"parent":0,"menu_order":0,"comment_status":"closed","ping_status":"closed","template":"elementor_header_footer","meta":{"footnotes":""},"class_list":["post-497","page","type-page","status-publish","hentry"],"_links":{"self":[{"href":"https:\/\/piolaestudio.cl\/index.php\/wp-json\/wp\/v2\/pages\/497","targetHints":{"allow":["GET"]}}],"collection":[{"href":"https:\/\/piolaestudio.cl\/index.php\/wp-json\/wp\/v2\/pages"}],"about":[{"href":"https:\/\/piolaestudio.cl\/index.php\/wp-json\/wp\/v2\/types\/page"}],"author":[{"embeddable":true,"href":"https:\/\/piolaestudio.cl\/index.php\/wp-json\/wp\/v2\/users\/1"}],"replies":[{"embeddable":true,"href":"https:\/\/piolaestudio.cl\/index.php\/wp-json\/wp\/v2\/comments?post=497"}],"version-history":[{"count":33,"href":"https:\/\/piolaestudio.cl\/index.php\/wp-json\/wp\/v2\/pages\/497\/revisions"}],"predecessor-version":[{"id":691,"href":"https:\/\/piolaestudio.cl\/index.php\/wp-json\/wp\/v2\/pages\/497\/revisions\/691"}],"wp:attachment":[{"href":"https:\/\/piolaestudio.cl\/index.php\/wp-json\/wp\/v2\/media?parent=497"}],"curies":[{"name":"wp","href":"https:\/\/api.w.org\/{rel}","templated":true}]}}